+ a + 4. Let q be -5 + 8 + -1 + 8. Suppose 2*f - 7*f + 5 = m, -2*m = 5*f - q. What is y(m)?
9
Suppose 0 = 42*n - 73*n + 124. Suppose -2*q + 1 + 3 = 0. Let x(f) = -f**2 - f. Let j(c) = -3*c**2 + 5*c - 6. Let d(l) = q*x(l) - j(l). Calculate d(n).
-6
Let l = -2594 + 2597. Let p(h) = -44*h + 5. Let w be (-3 + 0)*16/6. Let f(c) = -15*c + 2. Let m(j) = l*p(j) + w*f(j). What is m(1)?
-13
Let t be (98/7 - 14) + (1 - -8). Let i(b) = b**2 - 4*b - 52. Calculate i(t).
-7
Let n be 0*2/(-10) + 147. Suppose -7*r - n = -119. Let w(q) = -q**2 + 8. Give w(r).
-8
Let m(d) = d - 1. Let w = -211 - -178. Let t be 1/11 - (-135)/w. Give m(t).
-5
Let p(a) be the second derivative of a**4/2 + a**3/6 + a**2/2 - 41245*a. Suppose -k = 3*k + u + 3, 0 = 4*k + 2*u + 2. Calculate p(k).
6
Let b(a) be the second derivative of -4*a**3/3 - 29*a**2/2 + 6061*a. Give b(5).
-69
Let q(r) = 18*r - 346. Let a(g) = -3*g + 68. Let k(m) = 22*a(m) + 4*q(m). Give k(-18).
4
Suppose -50 = -26*x + 16*x. Let c(j) = -15*j - 12. What is c(x)?
-87
Let b be 20*(-21)/84 + (-2)/(2/13). Let q(z) = -z**3 - 19*z**2 - 17*z + 13. Determine q(b).
-5
Suppose p + 164 = 165. Let j(v) = -4 + 2 - 7 + v**2 + p + v. Calculate j(-4).
4
Let o(r) = -r**3 - 8*r**2 + 5*r + 46. Suppose -12*x - 5*a - 7 = -8*x, -3*x = -2*a + 34. Calculate o(x).
6
Let u(i) = -i**2 - 20*i + 2671 + 2673 - 5330. What is u(-18)?
50
Let w(g) = 162 - 84 - 9*g - 10*g**2 - 86 - g**3. Give w(-9).
-8
Let j(k) = 2*k**3 + 2*k**2 - 3*k - 5. Suppose 5*x = 25, 3*x = -4*h - x + 108. Suppose h*q + 70 = -13*q. Determine j(q).
-7
Suppose 6*j - 3344 = -0*j - 3248. Let h(a) = -2*a + 61. What is h(j)?
29
Let w(f) = 86*f + 4 + 14*f**2 - 88*f + 13*f**2 + 16*f**2 - 44*f**2. Suppose 0 = 2*c + 2*c - 8. Give w(c).
-4
Let a(t) be the first derivative of -t**3/3 + 3*t**2 - 3*t + 1252. Let k be 1 + -5 + 2 - -6. Calculate a(k).
5
Suppose 77*s - 582 = -659. Let h(p) = -9*p - 2. Give h(s).
7
Let z(y) = -y**3 + 7*y**2 + y - 10. Suppose -219 + 168 = -3*x. Let t be (119/x)/(2 - (-1)/(-1)). Determine z(t).
-3
Let g(o) = 15*o**2 - o - 4. Let y(z) = -91*z**2 - 11*z - 7. Let r(q) = -6*g(q) - y(q). Determine r(-16).
15
Let s(u) = -14*u - 1 - 18*u + 25*u. Let h = 285 + -282. Determine s(h).
-22
Let f(l) = 5*l**2 + 14*l + 13. Let g(z) = 4*z**2 + 12*z + 11. Suppose 9*p = -11*p + 100. Let n(y) = p*f(y) - 6*g(y). Give n(-2).
7
Let a be (2408/136 + -17)/((-4)/(-34)). Let k(t) = -3 + 0 + 4 + 2*t + 1. Give k(a).
14
Let q(a) be the first derivative of a**2 - a + 1313. Let t(c) = c**2 + 17*c + 27. Let r be t(-15). Determine q(r).
-7
Let n(a) = -a**2 - 10*a - 8. Let g(l) = -28*l + 114. Let p(s) = -2. Let q(u) = -g(u) + 4*p(u). Let y be q(4). Calculate n(y).
-8
Let d(i) be the second derivative of i**4/12 + 2*i**3/3 - i**2 - 167*i - 2. Let j(n) = -n - 4. Let s be j(-14). Suppose 4*y + s + 6 = 0. Calculate d(y).
-2
Let c(d) = d + d + 113 - 247 + 119. Give c(8).
1
Let i = -213 + 212. Let u(r) = r. Let z(h) = -8*h + 1. Let d(x) = -x**2 - 4*x + 13. Let n be d(-6). Let o(j) = n*z(j) + u(j). Calculate o(i).
8
Let o(y) = 18*y + 149. Suppose 0 = -16*w - 61 - 67. Let t be o(w). Let i(j) = j**2 - 8*j - 6. Give i(t).
-21
Let u be (-5 - 10/(-2))/(-1). Suppose o - 23 = -5*s, 0 = 4*o - u*o + 3*s - 24. Let n(a) = 12*a - 4. What is n(o)?
32
Let q(r) = 2*r + 3*r + 8 - 2*r. Let x = -391223 + 391220. Determine q(x).
-1
Let y = 8912 - 8922. Let v(b) = -b**2 - 4*b + 74. Calculate v(y).
14
Let r(p) be the first derivative of 3*p**2 + 5*p - 64. Suppose -3*d = -2*d. Suppose -3*j + 4*i + i + 8 = d, -8 = -j + 3*i. Determine r(j).
-19
Let y(s) = s + 3. Let w(n) = n**2 - 3*n - 29. Let m(j) = -w(j) - 7*y(j). Suppose 2*r + 7 = -5. What is m(r)?
-4
Suppose 2*d = 7*d - 35. Let f(g) = -5*g**3 + 2*g**2 - 5*g - 5. Let q(v) = 14*v**3 - 7*v**2 + 12*v + 16. Let h(a) = 11*f(a) + 4*q(a). Determine h(d).
9
Let z(x) = -x**2 + 17. Let o = 526 + -518. Give z(o).
-47
Let o(x) = 16*x + 872. Let g be o(-55). Let u(b) = 10*b + 64. Calculate u(g).
-16
Let d(j) = -j - 26. Let v(h) = h + 26. Let y(i) = 2*d(i) + 3*v(i). Let a be 20/14*69272/(-6185). Give y(a).
10
Let r(w) be the first derivative of -w**2 + 10*w + 2. Let b(o) = 4*o - 19. Let s = -300 - -297. Let t(f) = s*b(f) - 5*r(f). Calculate t(6).
-5
Suppose 26 = 5*x - 3*w - 13, -x - 4*w - 6 = 0. Suppose 0 = z - 3*y - 16, 3*z - x*y + y = 36. Let b(f) = f**3 - 8*f**2 + 9*f + 8. What is b(z)?
22
Let i(o) = 9*o**3 + o**2 - 2*o. Let j be i(1). Let t(l) be the third derivative of -1 - 1/60*l**5 + 3/8*l**4 - l**3 + 11*l**2 + 0*l. Determine t(j).
2
Let a = -77 + 81. Let b(t) = t - 2*t + 2 + 6 - 11 + a. Give b(-1).
2
Let s(q) = 14*q**2 + 17*q - 22. Let t(w) = -17*w**2 - 18*w + 24. Let n(i) = -6*s(i) - 5*t(i). Calculate n(8).
-20
Let y(n) = n - 17. Let u(s) = s**3 + 52*s**2 + 146*s - 58. Let w be u(-49). Calculate y(w).
-26
Let n = -51 + 37. Let i = n - -8. Let k(y) be the third derivative of -y**4/12 - y**3/3 + 12*y**2. Calculate k(i).
10
Let s(i) = 6*i**3 + 2*i - 1. Let a be (-1 - (-20)/(-12))/(2/9). Let f be (-2 - a/5) + 40/25. Suppose 2*h = -4*g - f, 3*h - 2 = 2*h + g. Give s(h).
7
Let s(f) be the second derivative of -17/2*f**2 - 2/3*f**3 - 1 - 3*f. What is s(-7)?
11
Let p(b) = -b**2 + 8*b - 2. Let c = -255 + 238. Let x(a) = -3*a**2 + 24*a - 6. Let g(d) = c*p(d) + 6*x(d). Give g(7).
5
Let k = 166 - 178. Let x be (k/(-60))/((-1)/(-5)). Let q(d) = -4*d**2. Determine q(x).
-4
Let w(l) be the second derivative of 2*l**3/3 + 39*l**2 - 1682*l. What is w(-19)?
2
Let k(b) = -3*b**2 - 6*b + 4. Let c(x) = 8*x**2 + 10*x - 37. Let l be c(-3). Calculate k(l).
-101
Let t(u) = -u - 35. Let y be (-4*3/15)/(((-259)/70)/37). What is t(y)?
-43
Suppose 0 = -81*p + 4451 - 1373. Let z(c) = c**3 - 2*c**2 + 4*c - 6. Let w be z(4). Let v = p - w. Let a(k) = -k**2 - 6*k - 2. Give a(v).
6
Let h(v) = v**2 + v + 0 + 0. Let z(c) be the third derivative of -c**4/6 + c**3/3 - 102*c**2 + 2. Let g be z(0). Calculate h(g).
6
Let l(z) be the second derivative of 2*z**3/3 + 2*z**2 - 2*z. Let j be 85/(-10)*(-1 + 5). Let v be j/(-14) - 192/(-336). Determine l(v).
16
Let p(n) = n - 15. Let k(b) = -b + 14. Let z(s) = 7*k(s) + 6*p(s). Suppose -4*x = -2*t - 38, 3*x - 81 = -3*t - 84. What is z(t)?
15
Let v = 311 + -308. Let a(i) = -167*i**2 - v*i - 165*i**2 - 3 + 333*i**2. Suppose -c - 2 = 3*s, 4*c + 2*s - 8 = -2*s. Calculate a(c).
1
Let u be 4*(-4 - (-126)/24). Let r be 6/(-2) + (u + -8 - -3). Let s(i) = i**3 + 3*i**2 + 3*i - 1. What is s(r)?
-10
Let k(m) be the second derivative of -5/3*m**3 + 0 + 1/12*m**4 - 20*m - 6*m**2. Calculate k(9).
-21
Let j(k) be the second derivative of k**5/20 + 5*k**4/6 - 13*k**3/3 - 3*k**2/2 + 313*k. Give j(-12).
21
Let v(g) = -53*g**3 - 14*g**2 + 11*g + 15. Let k(i) = -97*i**3 - 27*i**2 + 23*i + 28. Let y(l) = -6*k(l) + 11*v(l). What is y(5)?
-13
Let v(j) be the third derivative of -7*j**4/24 + j**3/3 - 24*j**2. Let l be ((-8)/(-6))/((-11)/33) - -13. Suppose -24*r = -21*r + l. What is v(r)?
23
Let l(y) = y**3 + 20*y**2 - 22*y - 23. Suppose 40*m + 367 + 74 = 19*m. What is l(m)?
-2
Let n(k) = k**3 - 8*k**2 + 8*k - 10. Let w(r) = -r**3 + 3*r**2 + r + 1. Let p = 38 - -22. Let j be (8/(-6) - -2)/(20/p). Let i be w(j). Determine n(i).
-3
Let n(p) = p**3 - 19*p**2 - 19*p - 13. Let d be n(20). Let y(c) = 4 - d - c + 0 + 2. Determine y(-4).
3
Let o(x) be the third derivative of -x**5/120 + x**4/6 + x**3/6 + 4*x**2 - 6*x. Let z(t) be the first derivative of o(t). Calculate z(6).
-2
Let b(h) = 17*h - 5*h - 258 - 276 - 283 + 854. Calculate b(-4).
-11
Let h(r) = -2*r + 2. Let o(d) = -9*d + 16. Let i(m) = -6*h(m) + o(m). Let x be ((-1)/3)/(8/312). Let c = x + 9. Calculate i(c).
-8
Suppose 37 = 3*x + 5*f, 366 = 5*f + 326. Let l(a) = 0*a + 2*a + 1 + 0*a**2 - 14*a**2 - 11*a**2. Give l(x).
-26
Let w(q) = 3*q - 4. Let h be (-13)/39 - (-4)/3. Let v be (-6*h/(-2))/1. Determine w(v).
5
Let m(r) = -207*r + 1011. Let n be m(5). Let p(z) = z + 6. Give p(n).
-18
Let x(g) = -658 + 3*g - 654 + g**2 - 650 - 2*g**2 + 1949. What is x(3)?
-13
Let l(h) = -34*h + 26. Suppose -5*v = 14*v - 19. What is l(v)?
-8
Let k(o) = 32*o**3 - o**2 + o + 1. Let n(g) = 2*g**2 + 192*g - 1. Let w be n(-96). Give k(w).
-33
Suppose 0 = 2*v + 2*f - 8, 13*v - 16*v + f = -8. Let g(l) = -1126 + 8*l - l**2 - v*l + 1122. What is g(3)?
2
Let d(m) = -59*m**2 -